25 = 0, 0 = -7*q + 3*q + 3*n + a. What are the prime factors of q?
5
Let w(n) = -3*n + 26. What are the prime factors of w(-8)?
2, 5
Let v(o) = -o**2 + 6*o + 9. Let c be v(7). Let l(p) = 0*p + p - p**3 + 2*p**2 + 3*p**c. What are the prime factors of l(5)?
5
Suppose -124 = -2*i - 2*y, 5*i - i = -2*y + 238. What are the prime factors of i?
3, 19
Suppose -171 = 70*m - 73*m. List the prime factors of m.
3, 19
Let j = 13 + -8. Suppose 0 = -5*v + 2*w - 104, j*v = 5*w - 59 - 51. Let a = v - -29. List the prime factors of a.
3
Let q = 8 - 3. Suppose q*o - 55 = -5*f + 2*f, 0 = -o + 5. What are the prime factors of (-20)/(-6)*36/f?
2, 3
Let q(f) = -f + 5. Let c be q(4). Let z be (20/8)/(c/18). Suppose 2*d - 5*d = -z. What are the prime factors of d?
3, 5
Let b = 92 - 47. Suppose -4*u = 2*s + s - 49, -3*u = 5*s - b. What are the prime factors of u?
2, 5
Let j = 279 + -189. List the prime factors of ((-8)/10)/((-4)/j).
2, 3
Let v be (-3)/(-3) + 2 + -2. Suppose 0 = -4*t + 9 - v. Suppose 0*h - 28 = -t*h. What are the prime factors of h?
2, 7
Let p(d) = -2*d**3 - 3*d**2 + 8*d - 6. Let c(m) = m**3 + 2*m**2 - 7*m + 5. Let j(v) = 6*c(v) + 5*p(v). What are the prime factors of j(-2)?
2, 3
Suppose -2*b - 4*j = -8, b - 5 = -3*b + 3*j. Let u = b + 9. List the prime factors of u.
11
Suppose 0 = -y + 4 + 1. Suppose -7 = -2*g + y. Suppose 6 + g = c. List the prime factors of c.
2, 3
Let l be 65/(-10) + 3/2. Let t = l + 8. Suppose t*v - 60 = -0*v. What are the prime factors of v?
2, 5
What are the prime factors of (9/6)/((-6)/(-136))?
2, 17
Let c = 0 + 4. Suppose -6 = -3*w + w - c*i, -7 = w - 3*i. List the prime factors of 9 - (w - -3)*1.
7
Let b(d) = -d**2 + 38*d + 16. What are the prime factors of b(7)?
233
Let o = -5 + 7. Suppose -9 = g - 5*l + 2*l, -g - o*l + 16 = 0. List the prime factors of g.
2, 3
Let a(k) = -k**2 - 40*k + 21. List the prime factors of a(-18).
3, 139
Let o = -7 + 11. Suppose 4 - 2 = -k + 5*b, -o*k - 3*b + 15 = 0. List the prime factors of k.
3
Let w = 1 - 7. Let m be (-3)/(-2) + w/(-12). Suppose 3*b + 20 = m*a, 4*a + 60 = 8*a - b. What are the prime factors of a?
2
Let k be 3/(-9)*(-33 - 0). Let f(b) = b**2 - 11*b + 5. Let x be f(k). Suppose x*h - 17 = 13. What are the prime factors of h?
2, 3
Let a = -6 + 9. Suppose 0 = 2*j - a*d - 52, d - 52 = -3*j - d. List the prime factors of j.
2, 5
Let q(h) be the third derivative of h**5/60 + h**4/6 - h**3/6 + 2*h**2. What are the prime factors of q(3)?
2, 5
Let f(y) = -y**2 - 11*y - 13. List the prime factors of f(-5).
17
Let t = -110 + 157. What are the prime factors of t?
47
Suppose 3*t = r - 271, -t - 226 = 5*r - 1533. What are the prime factors of r?
2, 131
What are the prime factors of (-6820)/(-66) + (-4)/(-6)?
2, 13
Let q be 2 + -5 - (-3 + 98). Let j = -60 - q. Suppose -4*h = -26 - j. List the prime factors of h.
2
Let f(l) = 2*l + 2. Let x be f(-3). Let u be 4/6*6/x. Let k(o) = -12*o**3 - o**2 - o - 1. What are the prime factors of k(u)?
11
Let x = 392 - 189. List the prime factors of x.
7, 29
Let o(b) = 10*b**2 + b. Let p(v) = v**2 - v. Let y be p(2). Suppose -3*f + y + 1 = 0. List the prime factors of o(f).
11
Suppose 3*d + 7*d - 1460 = 0. What are the prime factors of d?
2, 73
Suppose 0 = 3*o + 2*w - 16, 3*o + 4*w = -0*w + 26. Suppose o*h + 4 = 14. Suppose h*x - 33 = 22. What are the prime factors of x?
11
Let d(c) = -c**2 + 9*c - 5. Suppose m - 8 = -0. Let q be d(m). What are the prime factors of (-1)/q + (-62)/(-6)?
2, 5
Suppose -4*v + 2*u + 20 = 0, 2*v - 11 = 5*u - 1. Suppose -h + 2 = -v. What are the prime factors of h?
7
Suppose -3*f - 2*n + 152 = 0, n = -2*f + 5*n + 128. List the prime factors of f.
2, 3
Let w(a) = a**3 - 10*a**2 - 13*a + 12. Let c be w(11). Let j(z) be the second derivative of z**4/12 + 3*z**3/2 - 5*z**2/2 + z. List the prime factors of j(c).
5
Let c(z) = -3*z - 2. Let f be c(-2). Suppose 0 = a - 4*k + 9, 3*k + 3 = 5*a - a. List the prime factors of ((-17)/a)/(f/(-12)).
17
Suppose 10 = 2*a + 3*a. Suppose -k + a*k = -3*z + 2, -8 = 5*k - 3*z. List the prime factors of (-38)/(-4) + k/(-2).
2, 5
Let y be 176/4 + (-2)/(-2). Suppose f = 2, 2*h + 5*f = h + y. Suppose -5*g = v - h, 4*v - 4 = 2*g + 4. List the prime factors of g.
2, 3
Suppose -2*a + 26 = -2*g, 3*a + 4*g = -0*g + 4. Suppose -4*c = i - 23, 2*c = 2*i - a + 2. What are the prime factors of i?
7
Let i(w) = 22*w + 14. Let z be i(8). Suppose 4*q = 3*x - 88, -5*x + q + z - 49 = 0. List the prime factors of x.
2, 7
Let g = 16 - 39. Let d = g + 32. List the prime factors of d.
3
Let h(y) be the first derivative of y**3/3 - 3*y**2 + y - 1. Let r be 38/6 + 4/6. What are the prime factors of h(r)?
2
Let r(k) = -k**2 - k + 1. Let h be r(0). Let m = h + 5. Suppose 0 = m*t - 3*t - 21. List the prime factors of t.
7
Suppose 2*v + 2*v = 144. What are the prime factors of v?
2, 3
Let p(r) = 2*r**2 - 2*r - 1. Let c be p(-1). Suppose 2*v - 4 = 5*x + 1, c*v - 5*x - 10 = 0. Suppose -6 - v = -n. List the prime factors of n.
11
Suppose -2*r = -r - 4. Let m = r - 4. Suppose -3*x + 2*t + 61 = 0, 4*x - 2*t + 6*t - 68 = m. What are the prime factors of x?
19
Let f(z) be the first derivative of -5*z - 1/3*z**3 - 2 - 5*z**2. List the prime factors of f(-8).
11
Let z = -74 + 126. What are the prime factors of z?
2, 13
Let v(j) = -j - 1. Let t be v(-4). Suppose -4*x - 5*a + 2 = -25, 4*a = 3*x + t. Suppose -x*h = -4*y - 11, 13 = 5*h + y - 36. List the prime factors of h.
3
What are the prime factors of 9 - -4*4/8?
11
Suppose 0 = -2*o + 3*o - 2. List the prime factors of 1/((-2)/(-52)*o).
13
List the prime factors of ((-12)/(-8))/((-2)/(-4)) + 70.
73
Let p(v) = v**2 - 4*v - 1. Let h be p(3). Let g = h + 8. List the prime factors of (22 - 7) + g/(-2).
13
Suppose 3 = 4*z - h, 2*z - 2*h - 6 = 3*z. Let w be 0 + z + 2 - -3. Suppose -5*j - w = -20. What are the prime factors of j?
3
Let p(s) = s**2 - 5*s + 6. Let d be p(6). Suppose 0 = -3*l + 9, -2 + d = w - 2*l. Let x = -9 + w. What are the prime factors of x?
7
What are the prime factors of 8/(8/28 - (-60)/(-455))?
2, 13
Let a = 0 - 2. List the prime factors of (3 + -21)/(a - -1).
2, 3
Suppose 0 = -c + 2*c - 4, -196 = -2*p + c. Suppose -p = -5*f - 35. List the prime factors of f.
13
Suppose -5*w + 7 = -13. Suppose 0 = -3*g - w - 5. Let h = g - -6. What are the prime factors of h?
3
Suppose -4*p - 10 = -5*i + 32, 4*p = -12. Suppose y - 141 = -5*s - 34, 0 = 2*s - 5*y - 59. Suppose -s = -4*q + i. What are the prime factors of q?
7
Let n(v) be the second derivative of -3*v**3/2 - 2*v**2 - 3*v. Let a(j) = -19*j - 9. Let u(x) = 4*a(x) - 9*n(x). What are the prime factors of u(1)?
5
Let p be 30/(-25)*(-75)/6. Suppose 0 = v - 1 - p. What are the prime factors of v?
2
Suppose 12*y = y + 1364. List the prime factors of y.
2, 31
Let y(u) = -1 + 2*u**2 + 4 - 4*u + 0*u. Let z be y(2). What are the prime factors of (-14)/(-4) + z/(-6)?
3
What are the prime factors of 16/16*((1 - -1) + 137)?
139
Suppose 2*l = 4*l. Suppose -3*g + g = -b + 12, l = b + g - 18. List the prime factors of b.
2
Let o = 8 + -6. What are the prime factors of (3/o)/((-24)/(-368))?
23
Let k = 120 + -80. Let w = k - 29. What are the prime factors of w?
11
Suppose -1 = 3*x - 4*x. Let d = 7 - x. Let a(s) = s**3 - 7*s**2 + 8*s - 7. What are the prime factors of a(d)?
5
List the prime factors of 57*(4 + 1)*(-6)/(-15).
2, 3, 19
Suppose 0 = -0*f - 3*f + 186. Suppose -5*c - f = -177. List the prime factors of c.
23
Let j be (-1*(-3 + 3))/2. Suppose 0*r + r - 14 = j. What are the prime factors of r?
2, 7
What are the prime factors of 74/6 - (-6)/(-18)?
2, 3
Let l be 2*(-2 + 2 + -5). Let p = 82 - 148. What are the prime factors of p/l - (-6)/15?
7
Suppose -5*u + 2*w = 291 - 1101, u - 184 = -4*w. List the prime factors of u.
2, 41
Suppose i - b = 16, -b + 2*b = 2. Let j = i - 13. What are the prime factors of j?
5
What are the prime factors of (-13)/((-8)/(-10) - 1)?
5, 13
Let c(w) = -w**3 + 4*w**2 + 12*w + 2. List the prime factors of c(-3).
29
Let t(q) = 83*q**2 + q + 4. List the prime factors of t(-2).
2, 167
Let q = 4 + -4. Let o(h) = 15*h - 1. Let p be o(1). Suppose -4*m - l + 50 - p = q, m = 5*l - 12. List the prime factors of m.
2
Let q be (212/10)/((-6)/(-15)). Suppose -14 = 3*a - q. What are the prime factors of a?
13
Suppose 3*t - 8 = 4